. Calculate z(-57).
-86
Let p(r) = -8233*r - 156416. Determine p(-19).
11
Let g(l) = -l**3 + 65*l**2 + 7470*l - 1794. Give g(-60).
6
Let x(p) = -20107*p + 60310. Determine x(3).
-11
Let n(w) = 11*w**2 + 459*w + 556. What is n(-40)?
-204
Let h(i) = -410079*i - 4510862. Determine h(-11).
7
Let u(o) = 44470*o + 3023996. Calculate u(-68).
36
Let r(k) = 22324*k - 558120. Calculate r(25).
-20
Let m(i) = -29*i**2 + 7593*i + 30844. What is m(-4)?
8
Let z(o) = o**3 - 288*o**2 + 12641*o - 985. Give z(234).
185
Let h(r) = -40*r**2 + 13546*r - 67755. Calculate h(5).
-1025
Let i(u) = -205*u + 6018. Calculate i(22).
1508
Let n(p) = -p**2 + 9*p + 1125. Give n(38).
23
Let a(m) = 2*m**3 + 11*m**2 - 14*m - 14. Give a(-9).
-455
Let r(y) = -12*y**3 + 725*y**2 - 301*y + 438. What is r(60)?
378
Let i(d) = 3*d**3 - 22*d**2 + 10044*d - 80476. Determine i(8).
4
Let b(l) = -3*l**3 + 32*l**2 - 18*l + 70. Determine b(3).
223
Let c(s) = -71211*s - 213627. Give c(-3).
6
Let w(j) = -3*j**3 - 480*j**2 - 483*j - 336. What is w(-159)?
618
Let m(k) = 8*k**2 - 666*k - 510. Give m(84).
-6
Let d(c) = -269*c - 1916. Give d(-8).
236
Let a(z) = 5*z**3 - 416*z**2 + 203*z - 9959. Calculate a(83).
1
Let v(c) = -c**3 - 17*c**2 + 46*c - 504. Determine v(-21).
294
Let a(r) = 19327*r - 289900. Calculate a(15).
5
Let s(c) = -421*c**2 - 2079*c + 232. Determine s(-5).
102
Let i(t) = -7*t**3 - 28*t**2 + 99*t. Determine i(7).
-3080
Let a(n) = 4037136*n - 4037117. Give a(1).
19
Let f(u) = 63157*u + 2084145. Calculate f(-33).
-36
Let f(n) = -7*n**3 - 1397*n**2 + 614*n + 2741. What is f(-200)?
-59
Let z(l) = 3*l**3 - 15*l**2 - 4*l - 42. Give z(8).
502
Let p(k) = -23*k**2 + 1796*k - 140. Determine p(78).
16
Let k(v) = v**3 - v**2 - 5708*v + 39676. What is k(7)?
14
Let o(b) = -b**2 + 1410*b - 111547. Give o(84).
-163
Let y(i) = -211*i**2 + 37309*i + 6726. Calculate y(177).
0
Let p(s) = 5488*s - 10980. Determine p(2).
-4
Let x(m) = m**3 - 32*m**2 + 45*m + 502. Calculate x(30).
52
Let k(x) = -2036853*x - 28515950. Determine k(-14).
-8
Let h(a) = 5*a**2 + 393*a + 5980. Determine h(-58).
6
Let a(w) = -127*w**2 - 663*w + 23. What is a(-5)?
163
Let v(q) = -q**2 + 2217*q - 281060. What is v(135)?
10
Let r(h) = 16*h**3 + 17*h**2 - 8*h + 32. Give r(5).
2417
Let s(o) = -o**2 - 4998*o - 55058. Give s(-11).
-201
Let o(y) = -y**3 + 14*y**2 + 76*y - 335. Calculate o(17).
90
Let c(r) = 196*r**2 + 27628*r - 908. Give c(-141).
220
Let t(b) = 767*b + 7396. Calculate t(-11).
-1041
Let p(l) = 8*l**3 - 1822*l**2 - 2289*l - 229. What is p(229)?
0
Let q(v) = 2*v**3 + 47*v**2 + 129*v + 3633. What is q(-24)?
-39
Let a(o) = 819*o + 44011. Calculate a(-52).
1423
Let d(n) = 10*n**2 + 497015*n + 497014. What is d(-1)?
9
Let b(w) = -2916*w + 72876. Give b(25).
-24
Let d(f) = 3454*f - 1778818. What is d(515)?
-8
Let i(b) = b**3 + 796*b**2 - 48621*b - 4. Give i(57).
-4
Let q(v) = v**3 - 8*v**2 - 47*v - 3085. Calculate q(19).
-7
Let q(h) = 57452*h + 174201. Determine q(-3).
1845
Let t(i) = 4*i**2 - 2452*i + 12272. Give t(5).
112
Let r(n) = 4*n**3 - 350*n**2 + 82*n - 22720. Calculate r(88).
-16
Let y(i) = -10*i**3 - 1562*i**2 - 330*i - 2903. Determine y(-156).
-95
Let d(k) = -472*k - 9915. Determine d(-24).
1413
Let i(u) = -68*u + 2305. Calculate i(32).
129
Let j(h) = 4*h**3 - 202*h**2 + 738*h + 37. Calculate j(4).
13
Let o(g) = -g**2 + 153*g - 5503. Give o(37).
-1211
Let c(p) = -480*p + 422. Give c(-2).
1382
Let s(d) = -3*d**2 - 4008*d + 36314. Calculate s(9).
-1
Let h(n) = -n**3 + 45*n**2 + 439*n + 1. Give h(-8).
-119
Let w(s) = -7215*s + 43326. Determine w(6).
36
Let f(p) = -p**3 - 394*p**2 - 3457*p + 61. Give f(-9).
-11
Let u(z) = z**2 - 12710*z - 946025. Determine u(-74).
-9
Let f(x) = -16*x**2 + 4369*x - 222. Calculate f(273).
51
Let y(v) = 57*v**2 + 128*v + 48. Give y(-8).
2672
Let q(i) = 24*i**2 - 937*i - 1897. Determine q(41).
30
Let z(l) = l**3 + 21*l**2 - 56*l + 263. Calculate z(-24).
-121
Let g(l) = -2*l**3 + 3*l**2 - 7*l - 2723. What is g(0)?
-2723
Let s(l) = l**3 + 24*l**2 + 490*l + 8956. Give s(-21).
-11
Let v(a) = -871*a - 19292. Calculate v(-22).
-130
Let j(v) = 874*v**2 + 3112*v - 12786. Give j(-6).
6
Let f(g) = 16224*g - 16109. Give f(1).
115
Let w(f) = 12*f**2 - 37*f - 103. Give w(-6).
551
Let s(t) = -1502*t + 27020. Determine s(18).
-16
Let s(d) = -d**3 - 93*d**2 - 2159*d + 455. Give s(-50).
905
Let b(m) = 12370*m + 123833. Calculate b(-10).
133
Let a(k) = 2*k**2 + 1245*k + 119835. Determine a(-119).
2
Let r(k) = -9845*k + 17947445. Determine r(1823).
10
Let w(x) = 18179*x + 54378. What is w(-3)?
-159
Let d(v) = -1261*v + 6041. Give d(4).
997
Let h(y) = 7*y**2 + 120*y - 2959. Determine h(-35).
1416
Let t(y) = 1320*y**2 + 95051*y + 845. What is t(-72)?
53
Let f(d) = -242*d**2 + 1080*d + 20. What is f(5)?
-630
Let l(p) = -25*p**2 - 23116*p - 37854. Determine l(-923).
-11
Let x(l) = l**3 + 20*l**2 - 454*l - 5994. Calculate x(-13).
1091
Let a(w) = -49140*w + 393427. Determine a(8).
307
Let s(x) = -x**3 - 17*x**2 + 55*x + 1144. Give s(-16).
8
Let i(g) = 297*g + 80513. Determine i(-272).
-271
Let u(b) = 3*b**2 - 159*b - 13229. What is u(98)?
1
Let f(l) = -l**3 + 51*l**2 + 63*l + 518. Determine f(52).
1090
Let i(x) = -x**2 - 1047*x + 189014. What is i(157)?
-14
Let j(k) = -3*k**3 + 32*k**2 - 53*k + 401. Determine j(6).
587
Let s(v) = -v**2 - 2303*v - 127998. Determine s(-57).
24
Let o(c) = 4*c**3 - 4235*c**2 + 2912*c + 277194. Determine o(1058).
-2
Let b(l) = -l**3 - 3714*l**2 + 7430*l - 3. What is b(2)?
-7
Let k(t) = -2665*t + 690255. Calculate k(259).
20
Let z(x) = -383*x - 35094. Give z(-90).
-624
Let l(x) = -x**3 + 727*x**2 + 717*x + 8000. Give l(728).
-8
Let w(g) = g**3 - 42*g**2 + 328*g + 1422. Give w(29).
1
Let d(b) = -2*b**2 - 5360*b + 75236. Determine d(14).
-196
Let q(a) = 10262*a + 574664. Give q(-56).
-8
Let w(a) = -501*a - 5186. Determine w(-10).
-176
Let a(z) = 2*z**2 - 104*z + 333. Determine a(49).
39
Let t(r) = -32*r - 4355. Give t(-146).
317
Let f(j) = 271*j**2 - 755*j + 158. What is f(6)?
5384
Let s(p) = 2*p**2 - 226*p + 869. Calculate s(4).
-3
Let b(t) = 12372*t + 160841. What is b(-13)?
5
Let l(p) = 45*p**2 + 549*p - 1646. What is l(3)?
406
Let p(v) = -3330*v - 16586. What is p(-5)?
64
Let s(y) = -4048*y - 1088925. Calculate s(-269).
-13
Let s(h) = 9*h**2 - 22*h + 19. Determine s(-7).
614
Let s(b) = 47*b**2 - 1119*b - 5644. Give s(-5).
1126
Let z(w) = -w**3 + 6*w**2 - 633*w + 1886. Calculate z(3).
14
Let b(y) = -6*y**2 + 2081*y + 53322. What is b(-24)?
-78
Let c(d) = -1065*d + 74593. Calculate c(70).
43
Let r(u) = -19829*u - 39838. Determine r(-2).
-180
Let s(d) = -1356*d**2 - 8167*d - 25. Give s(-6).
161
Let h(x) = -x**3 + 20*x**2 + 1484*x - 747. Give h(-30).
-267
Let f(g) = 23*g - 1714. What is f(-19)?
-2151
Let p(a) = -5*a**2 + 74*a - 772. Give p(14).
-716
Let m(w) = -3*w**3 + 2*w**2 + 139*w + 933. What is m(-7)?
1087
Let r(q) = 6*q**2 - 758*q + 184. What is r(126)?
-68
Let u(v) = 441*v**2 + 22922*v - 517. Calculate u(-52).
3
Let x(d) = -d**3 + 18*d**2 + 425*d - 7513. Calculate x(17).
1
Let l(g) = 632*g**3 - 4*g**2 + 20*g - 17. Calculate l(1).
631
Let c(b) = -9932*b - 47770. What is c(-5)?
1890
Let h(m) = m**3 + 82*m**2 + 84*m + 522. What is h(-81)?
279
Let f(z) = -z**2 - 688*z - 11411. Calculate f(-17).
-4
Let s(b) = -b**3 - 25*b**2 + 196*b - 3187. Calculate s(-34).
553
Let v(o) = 4*o**2 - 730*o - 8221. Calculate v(-11).
293
Let v(t) = 1839*t - 29466. Give v(16).
-42
Let t(b) = -48*b**3 + 1103*b**2 + 15*b + 121. Calculate t(23).
-63
Let k(d) = -244*d**2 + 6813*d + 321. What is k(28)?
-211
Let m(v) = -v**2 + 4181*v - 153881. What is m(37)?
-553
Let c(u) = -u**2 + 886*u - 21476. Calculate c(25).
49
Let j(v) = v**3 + 222*v**2 + 669*v + 2631. Give j(-219).
3
Let t(b) = -163*b - 3198. Give t(-18).
-264
Let r(z) = 10*z**3 + 135*z**2 - 156*z - 2005. Determine r(-13).
868
Let c(f) = 8*f**2 - 963*f - 3630. What is c(124)?
-34
Let w(c) = 11*c**2 + 187*c - 1214. Determine w(9).
1360
Let c(x) = x**3 - 19*x**2 + 423*x - 1749. Determine c(5).
16
Let t(c) = -24766*c + 817269. Calculate t(33).
-9
Let s(u) = -29546*u + 89090. What is s(3)?
452
Let z(y) = -8*y**3 + 138*y**2 - 232*y + 1151. Determine z(16).
-1
Let t(d) = -d**2 + 731*d + 2172. Calculate t(-3).
-30
Let q(s) = s**2 + 233*s + 13201. What is q(-97)